13223*l + 219. Give u(-113).
-7
Let y(o) = 47205*o + 3115540. Calculate y(-66).
10
Let d(o) = -o**3 + 1472*o**2 + 129038*o - 2238. Calculate d(-83).
3
Let y(z) = -3335*z - 66601. Give y(-20).
99
Let j(y) = 2*y**3 + 100*y**2 + 139*y + 18026. Determine j(-52).
-18
Let z(n) = -n**3 + 19*n**2 - 109*n + 59. Determine z(14).
-487
Let q(c) = 11892*c - 35575. What is q(3)?
101
Let w(j) = -j**3 + 138*j**2 + 118*j + 22763. Determine w(140).
83
Let p(r) = -2*r**3 - 132*r**2 - 1163*r + 527. Give p(-11).
10
Let h(j) = -j**3 + 10*j**2 + 87*j + 154. Determine h(-4).
30
Let z(g) = -32*g - 5039. Determine z(-102).
-1775
Let h(m) = 3258*m + 645086. Determine h(-198).
2
Let y(t) = 30978*t + 8828762. Determine y(-285).
32
Let l(k) = 5*k**3 - 32*k**2 - 15*k + 221. Give l(5).
-29
Let d(y) = 7634*y - 22753. What is d(3)?
149
Let w(i) = -187*i - 341. What is w(-10)?
1529
Let r(l) = 4*l**2 + 146*l - 2207. What is r(13)?
367
Let x(o) = -o**3 + 158*o**2 - 3109*o + 63. Calculate x(23).
-29
Let j(f) = 2*f**2 - 82*f - 259. What is j(44)?
5
Let q(i) = i**2 + 431*i + 34408. Calculate q(-105).
178
Let p(n) = 3799*n - 24130. Calculate p(7).
2463
Let i(p) = -19*p**2 - 149*p - 480. What is i(-12)?
-1428
Let f(s) = 32169*s + 1865644. Determine f(-58).
-158
Let h(f) = 94*f + 5572. Determine h(-60).
-68
Let w(y) = -942*y - 8147. Calculate w(-9).
331
Let x(c) = 13*c**2 + 6686*c - 6686. What is x(1)?
13
Let y(s) = -281*s**2 - 2546*s - 7. Give y(-9).
146
Let c(x) = 781*x**2 - 16330*x - 1496. Give c(21).
-5
Let p(u) = 6*u**3 - 7*u**2 - 80*u - 503. What is p(-8)?
-3383
Let n(j) = -j**3 - 26*j**2 - 111*j + 587. Calculate n(-18).
-7
Let k(c) = 102*c - 1845. Give k(18).
-9
Let p(m) = -4622*m + 166495. Determine p(36).
103
Let p(x) = x**3 - 33*x**2 + 399*x - 16607. Determine p(35).
-192
Let a(n) = 810*n + 193581. Calculate a(-239).
-9
Let p(l) = -l**3 + 465*l**2 - 8426*l - 913. Calculate p(19).
-1
Let z(b) = b**3 + 131*b**2 - 39*b - 38306. Give z(-129).
7
Let l(u) = 5*u**3 - 14*u**2 - 7*u - 5. Calculate l(5).
235
Let q(f) = 20*f**3 - 4492*f**2 - 1788*f - 767. What is q(225)?
1933
Let q(v) = -3*v**3 - 189*v**2 - 305*v - 7493. Give q(-62).
-115
Let m(h) = 5843*h + 99323. What is m(-17)?
-8
Let d(z) = -2*z**3 - 1165*z**2 - 8033*z + 15. Calculate d(-7).
-153
Let l(s) = -s**3 + 81*s**2 - 1474*s + 1167. Give l(26).
23
Let b(i) = -4*i**3 + 314*i**2 + 153*i + 448. What is b(79)?
53
Let s(k) = -22*k**2 + 3246*k + 9737. Determine s(-3).
-199
Let u(x) = x**3 + 82*x**2 - 5047*x + 145. Give u(41).
-19
Let v(t) = 5*t**3 - t**2 - 59*t - 395. Give v(-6).
-1157
Let u(l) = 8137*l + 8140. Determine u(-1).
3
Let b(h) = 19*h**3 - 4*h**2 + 7*h - 13. Calculate b(4).
1167
Let r(h) = -2*h**3 - 910*h**2 + 1519*h - 141211. Determine r(-457).
2
Let v(m) = 2*m**3 - 14*m**2 - 6440*m + 57633. Calculate v(9).
-3
Let p(h) = -6*h**2 - 1657*h + 4736. Calculate p(-279).
-7
Let h(n) = -66135*n - 5. Give h(0).
-5
Let d(p) = 9*p**2 - 7089*p + 256390. Give d(38).
4
Let b(x) = 7*x**3 + 2088*x**2 + 56817*x + 273. Give b(-268).
5
Let t(p) = -p**2 + 711*p + 17677. Calculate t(-24).
37
Let v(q) = -2*q**2 - 1083*q - 12940. Calculate v(-12).
-232
Let n(s) = -711*s + 4528. Give n(5).
973
Let h(p) = -29297*p - 205114. Calculate h(-7).
-35
Let f(h) = 1239*h - 167174. Calculate f(135).
91
Let u(n) = 146*n - 3763. Determine u(28).
325
Let f(h) = -2*h**3 + 27*h**2 - 17488*h + 139198. What is f(8)?
-2
Let c(k) = -106373*k + 212737. Calculate c(2).
-9
Let a(v) = -v**2 - 260*v + 2015. What is a(-270)?
-685
Let x(s) = -2*s**3 + 58*s**2 - 69*s + 1848. Give x(28).
1484
Let s(l) = -1675*l**3 + 8*l**2 + 126*l + 120. What is s(-1)?
1677
Let v(h) = 27*h**2 - 17429*h - 185642. What is v(656)?
6
Let b(d) = 34474*d - 2137355. What is b(62)?
33
Let p(z) = -13157*z - 210644. Determine p(-16).
-132
Let i(n) = 2894*n + 193908. Determine i(-67).
10
Let g(f) = -f**3 + 16*f**2 - 78*f - 39. Calculate g(8).
-151
Let f(w) = 1733*w + 8661. What is f(-5)?
-4
Let x(d) = -536*d - 107299. What is x(-200)?
-99
Let p(f) = -11*f**2 + 150*f + 29. Calculate p(13).
120
Let z(q) = -40*q**2 - 125*q - 9. Calculate z(-3).
6
Let a(b) = b**3 + 20*b**2 - 219*b - 1365. What is a(-27)?
-555
Let p(z) = 311*z**2 + 2501*z + 5003. Calculate p(-2).
1245
Let n(u) = 4*u**3 + 34*u**2 + 81*u + 61. Calculate n(-8).
-459
Let t(a) = 70*a**2 - 5447*a - 1019. What is t(78)?
-5
Let x(o) = -1102*o**2 + 1087*o - 1087. Give x(1).
-1102
Let a(d) = -2*d**3 - 239*d**2 + 1115*d - 112. Calculate a(-124).
12
Let n(y) = 6487*y - 18160. Give n(3).
1301
Let l(w) = -w**3 - 27*w**2 + 911*w + 11835. What is l(-42)?
33
Let z(w) = 1718*w + 3481. What is z(-2)?
45
Let t(q) = -11254*q + 34310. Give t(3).
548
Let j(n) = -31*n**2 + 42425*n - 23276. Calculate j(1368).
-20
Let v(j) = -5*j**2 + 2006*j + 1609. Calculate v(402).
1
Let u(i) = i**3 + 22*i**2 + 60*i - 227. What is u(-16)?
349
Let y(g) = -3*g**2 + 1112*g + 11494. Give y(-10).
74
Let l(c) = -c**3 - 22*c**2 + 46*c + 400. Give l(-24).
448
Let c(z) = 17*z**2 - 11*z - 345. Calculate c(-7).
565
Let i(y) = -y**3 - 92*y**2 - 78*y + 1198. Give i(-91).
15
Let s(l) = -4673*l + 9956. What is s(2)?
610
Let j(g) = 1694*g**2 - 6744*g - 31. Determine j(4).
97
Let n(h) = h**3 + 24*h**2 - 213*h - 5157. Give n(-23).
271
Let y(b) = -37954*b - 1176435. Determine y(-31).
139
Let z(m) = 9982*m - 59566. Determine z(6).
326
Let o(m) = 801*m**2 - 4845*m + 227. What is o(6)?
-7
Let j(s) = -77724*s + 4974331. Calculate j(64).
-5
Let t(b) = -11*b**2 - 197*b - 772. Give t(-15).
-292
Let y(i) = -i**3 - 16*i**2 + 11. Determine y(1).
-6
Let w(t) = t**2 + 22*t - 44959. What is w(201)?
-136
Let x(q) = -288577*q + 2597164. Determine x(9).
-29
Let r(f) = -f**3 - 5*f**2 + 96*f + 94. Give r(-13).
198
Let k(j) = -13*j**3 - 17*j**2 + 104*j - 95. Calculate k(3).
-287
Let n(l) = 37085*l + 3115132. What is n(-84)?
-8
Let x(k) = -9*k**2 + 15*k - 35. What is x(10)?
-785
Let n(s) = -58*s**2 + 2780*s + 15581. Determine n(53).
-1
Let u(c) = -5*c**2 + 12*c - 11. Give u(-10).
-631
Let s(y) = -15*y**3 - 1571*y**2 + 2016*y + 215. Calculate s(-106).
3
Let x(w) = 13*w**2 + 411*w + 165. Determine x(-31).
-83
Let s(f) = f**3 + 56*f**2 + 53*f + 4. What is s(-55)?
114
Let g(q) = q**3 - 22*q**2 - 126*q + 921. Give g(25).
-354
Let s(i) = -804*i + 5423. What is s(7)?
-205
Let m(p) = 295763*p - 1478822. What is m(5)?
-7
Let n(g) = -115*g**2 - 165*g - 579. What is n(-5)?
-2629
Let q(h) = 106*h**2 + 10016*h + 4896. Give q(-94).
8
Let f(b) = -b**3 + 18*b**2 - 214*b + 3354. Determine f(17).
5
Let s(a) = 112*a**2 - 1675*a + 10. Calculate s(15).
85
Let x(n) = -1638*n + 4718. Give x(3).
-196
Let y(i) = 6*i**3 - 10*i**2 + 17517*i - 52524. Give y(3).
99
Let n(u) = 48*u**2 + 556*u + 6. Determine n(-3).
-1230
Let u(y) = -35*y**3 - 26*y**2 + 35*y - 9. Determine u(1).
-35
Let o(h) = 3*h**2 - 164*h + 190. Determine o(47).
-891
Let p(l) = -3113*l - 2593135. Determine p(-833).
-6
Let g(z) = 150025*z + 1950290. What is g(-13)?
-35
Let y(h) = 3*h**2 + 404396*h - 1213198. Calculate y(3).
17
Let r(a) = -135616*a + 135628. What is r(1)?
12
Let t(o) = 191830*o + 4220358. What is t(-22)?
98
Let v(m) = -7880*m**2 + 1520*m + 1521. Calculate v(-1).
-7879
Let v(c) = -1137*c**2 + 62637*c - 5616. Calculate v(55).
-6
Let y(c) = -1053*c + 1927. Calculate y(5).
-3338
Let d(s) = -136*s - 12544. Calculate d(-90).
-304
Let y(c) = 100*c**2 - 7721*c + 1593. What is y(77)?
-24
Let t(s) = s**3 - 106*s**2 + 456*s - 15138. What is t(103)?
3
Let a(t) = -t**2 - 159*t - 5239. Calculate a(-32).
-1175
Let b(y) = -183*y - 104678. Give b(-572).
-2
Let u(g) = g**3 - 26*g**2 - 476*g + 135. What is u(-13)?
-268
Let m(w) = w**3 + 20*w**2 - 44*w - 671. Give m(-14).
1121
Let s(x) = -552*x + 213075. Determine s(386).
3
Let v(q) = -11*q**3 + 1397*q**2 + 77*q - 9743. Calculate v(127).
36
Let s(d) = 1089*d + 992. Give s(-2).
-1186
Let f(y) = -2*y**2 + 6150*y + 110605. Calculate f(-18).
-743
Let q(d) = 1089*d + 107784. What is q(-99)?
-27
Let s(m) = -m**3 + 21*m**2 - 39*m - 583. Determine s(18).
-313
Let c(h) = -h**2 - 31316*h - 5201897. Give c(-167).
-14
Let n(d) = -26492*d + 13802319. Give n(521).
-13
Let v(r) = -2342*r - 14108. Give v(-6).
-56
Let p(u) = -1541*u - 797192. What is p(-517)?
-495
Let o(t) = 88696*t - 3281740. What is o(37)?
12
Let w(l) = -l**3 - 6*l**2 - 5*l -